?
3, 37, 53, 107
What are the prime factors of 1724751?
3, 7, 3911
What are the prime factors of 1689483?
3, 233, 2417
List the prime factors of 14645811.
3, 47, 241, 431
What are the prime factors of 24826806?
2, 3, 19, 229, 317
List the prime factors of 2055715.
5, 411143
What are the prime factors of 708786?
2, 3, 13, 233
What are the prime factors of 64744?
2, 8093
List the prime factors of 502799.
11, 43, 1063
List the prime factors of 415228.
2, 11, 9437
List the prime factors of 13370355.
3, 5, 79, 3761
List the prime factors of 2250075.
3, 5, 19, 1579
List the prime factors of 455889.
3, 7, 17, 1277
List the prime factors of 665536.
2, 10399
What are the prime factors of 5071395?
3, 5, 7, 48299
List the prime factors of 5439190.
2, 5, 167, 3257
List the prime factors of 700770.
2, 3, 5, 7, 47, 71
List the prime factors of 209012.
2, 52253
List the prime factors of 19561907.
61, 320687
List the prime factors of 265982.
2, 17, 7823
List the prime factors of 7642346.
2, 3821173
What are the prime factors of 461662?
2, 19, 12149
List the prime factors of 34295320.
2, 5, 97, 8839
List the prime factors of 1195578.
2, 3, 127, 523
List the prime factors of 1811476.
2, 452869
List the prime factors of 302143.
302143
What are the prime factors of 134214?
2, 3, 22369
List the prime factors of 8072480.
2, 5, 13, 3881
What are the prime factors of 10053910?
2, 5, 1005391
What are the prime factors of 699360?
2, 3, 5, 31, 47
What are the prime factors of 6855664?
2, 109, 3931
What are the prime factors of 178611?
3, 29, 2053
What are the prime factors of 12804095?
5, 41, 62459
List the prime factors of 252091.
7, 36013
List the prime factors of 144206.
2, 72103
What are the prime factors of 30284?
2, 67, 113
List the prime factors of 339628.
2, 197, 431
What are the prime factors of 2900202?
2, 3, 483367
What are the prime factors of 379853?
379853
What are the prime factors of 526296?
2, 3, 21929
List the prime factors of 8802040.
2, 5, 13, 16927
List the prime factors of 2377571.
7, 339653
What are the prime factors of 8629688?
2, 1078711
What are the prime factors of 183194?
2, 11, 757
What are the prime factors of 2174472?
2, 3, 10067
List the prime factors of 2580119.
2580119
List the prime factors of 184477.
184477
What are the prime factors of 296620?
2, 5, 14831
What are the prime factors of 274431?
3, 17, 5381
What are the prime factors of 2203278?
2, 3, 7, 11, 19, 251
What are the prime factors of 299353?
17, 17609
What are the prime factors of 7212510?
2, 3, 5, 26713
What are the prime factors of 7469164?
2, 59, 31649
List the prime factors of 9609078.
2, 3, 23, 179, 389
What are the prime factors of 20283176?
2, 17, 31, 283
What are the prime factors of 15322627?
17, 73, 12347
List the prime factors of 28889342.
2, 14444671
What are the prime factors of 75326?
2, 37663
What are the prime factors of 3048848?
2, 11, 17, 1019
List the prime factors of 223082.
2, 71, 1571
What are the prime factors of 7924645?
5, 1584929
List the prime factors of 19892462.
2, 41, 242591
List the prime factors of 10668890.
2, 5, 1066889
List the prime factors of 132752.
2, 8297
List the prime factors of 546263.
546263
List the prime factors of 6619383.
3, 421, 1747
List the prime factors of 2771122.
2, 1385561
List the prime factors of 266022.
2, 3, 14779
What are the prime factors of 123526?
2, 13, 4751
List the prime factors of 10371688.
2, 41, 103, 307
What are the prime factors of 22349438?
2, 587, 19037
What are the prime factors of 4463982?
2, 3, 247999
List the prime factors of 117540.
2, 3, 5, 653
What are the prime factors of 19029144?
2, 3, 792881
List the prime factors of 149244.
2, 3, 12437
List the prime factors of 20328337.
20328337
List the prime factors of 470020.
2, 5, 71, 331
What are the prime factors of 10990716?
2, 3, 11, 53, 1571
What are the prime factors of 6012218?
2, 59, 50951
List the prime factors of 26204611.
26204611
List the prime factors of 7272130.
2, 5, 53, 13721
What are the prime factors of 10493626?
2, 11, 13, 36691
List the prime factors of 1598625.
3, 5, 7, 29
List the prime factors of 224150.
2, 5, 4483
List the prime factors of 74989.
31, 41, 59
List the prime factors of 8833521.
3, 2944507
List the prime factors of 206782.
2, 103391
List the prime factors of 5028533.
5028533
What are the prime factors of 5705241?
3, 59, 32233
List the prime factors of 6865831.
7, 37, 541
What are the prime factors of 7238261?
23, 314707
What are the prime factors of 157987?
23, 6869
What are the prime factors of 282439?
282439
List the prime factors of 12376800.
2, 3, 5, 191
List the prime factors of 3117381.
3, 1039127
What are the prime factors of 146914?
2, 17, 29, 149
What are the prime factors of 74289?
3, 24763
List the prime factors of 15480.
2, 3, 5, 43
What are the prime factors of 37296?
2, 3, 7, 37
List the prime factors of 9750135.
3, 5, 19, 34211
What are the prime factors of 23026660?
2, 5, 1151333
List the prime factors of 19318656.
2, 3, 7, 7187
List the prime factors of 2440471.
11, 149, 1489
What are the prime factors of 27945077?
27945077
List the prime factors of 17299858.
2, 8649929
What are the prime factors of 469796?
2, 257, 457
List the prime factors of 790343.
19, 41597
List the prime factors of 705963.
3, 31, 7591
What are the prime factors of 428749?
107, 4007
What are the prime factors of 7185284?
2, 1796321
List the prime factors of 147430.
2, 5, 23, 641
List the prime factors of 95711.
7, 11, 113
What are the prime factors of 613688?
2, 41, 1871
List the prime factors of 108355.
5, 13, 1667
What are the prime factors of 375927?
3, 29, 149
What are the prime factors of 29669?
29669
What are the prime factors of 1213199?
13, 93323
List the prime factors of 4276780.
2, 5, 43, 4973
List the prime factors of 1336535.
5, 267307
List the prime factors of 29113965.
3, 5, 215659
List the prime factors of 430609.
67, 6427
List the prime factors of 161715.
3, 5, 10781
List the prime factors of 3786021.
3, 43, 1087
What are the prime factors of 1027387?
19, 23, 2351
What are the prime factors of 7111463?
7111463
What are the prime factors of 210096?
2, 3, 1459
List the prime factors of 197060.
2, 5, 59, 167
List the prime factors of 996949.
19, 137, 383
List the prime factors of 11626842.
2, 3, 1937807
List the prime factors of 9778345.
5, 193, 10133
List the prime factors of 43287.
3, 47, 307
What are the prime factors of 563425?
5, 31, 727
What are the prime factors of 3416462?
2, 7, 244033
What are the prime factors of 7022491?
7, 379, 2647
What are the prime factors of 1486096?
2, 293, 317
What are the prime factors of 554783?
23, 24121
List the prime factors of 41229.
3, 509
List the prime factors of 19099520.
2, 5, 11, 2713
What are the prime factors of 1989050?
2, 5, 7, 5683
List the prime factors of 118589.
118589
List the prime factors of 1825609.
463, 3943
What are the prime factors of 413090?
2, 5, 101, 409
List the prime factors of 104461.
7, 14923
What are the prime factors of 504235?
5, 100847
What are the prime factors of 1564488?
2, 3, 7243
What are the prime factors of 1507715?
5, 11, 79, 347
What are the prime factors of 92743?
7, 13249
What are the prime factors of 62168?
2, 19, 409
What are the prime factors of 6496427?
7, 307, 3023
List the prime factors of 50961.
3, 16987
What are the prime factors of 467082?
2, 3, 7, 11, 337
What are the prime factors of 8411365?
5, 53, 31741
What are the prime factors of 75691?
7, 11, 983
List the prime factors of 11158074.
2, 3, 2551
What are the prime factors of 3170706?
2, 3, 7, 11, 6863
List the prime factors of 1733179.
7, 31, 163
What are the prime factors of 1363472?
2, 11, 61, 127
List the prime factors of 1211422.
2, 307, 1973
What are the prime factors of 80288?
2, 13, 193
What are the prime factors of 520900?
2, 5, 5209
List the prime factors of 6541387.
313, 20899
What are the prime factors of 5733329?
7, 29, 61, 463
List the prime factors of 18041760.
2, 3, 5, 11, 17, 67
List the prime factors of 377009.
17, 67, 331
What are the prime factors of 237725?
5, 37, 257
What are the prime factors of 115745?
5, 7, 3307
What are the prime factors of 12107267?
31, 53, 7369
List the prime factors of 10049794.
2, 5024897
List the prime factors of 4282